15 = 0. What is the hundreds digit of c?
7
What is the tens digit of (11/(-33))/((11 + -10)*2/(-117798))?
3
Let y(s) = s**3 + 6*s**2 - 11*s + 44. Let z be y(-8). Suppose -3*v = 3*d - 105, 13*v = z*d + 10*v - 112. What is the units digit of d?
1
Suppose -3507 = -4*r - 5*h, 5*h - 2*h + 3 = 0. Suppose -2*z - 5*m + r = 0, -5*z + 333 + 1847 = 5*m. What is the hundreds digit of z?
4
Let p(q) = q + 75. Let n be p(-23). Let t = n + -48. Suppose -4*s - 12 = 0, -t*m + 22 + 246 = -4*s. What is the units digit of m?
4
Let j(s) = 551*s**2 - 394*s + 2374. What is the units digit of j(6)?
6
Suppose 5*z - 3*i = -2*i + 3325, 2*i = -3*z + 1982. Let d = z + 178. What is the hundreds digit of d?
8
Suppose 138 = -3*x + 87. What is the tens digit of (-8798)/(-12) - x/(-102)?
3
Suppose -3*u = -37*u + 15470. Let a = 762 - u. What is the units digit of a?
7
Suppose 68 = 10*t + 48. Suppose 3380 = 4*q + 4*h, -4*h - 4216 = -t*q - 3*q. What is the tens digit of q?
4
Let h be (3 - 3)/(-2 - -1). Let s(o) = 10*o + 39. Let y be s(-4). What is the tens digit of (158/y)/(-2) + h?
7
Let l(x) = 7*x**2 - 26*x + 28. Let z = 8 - -1. What is the tens digit of l(z)?
6
Suppose 190 = 6*z + 4*z. Let v(n) = 13*n**2 - 9*n + 9*n**2 - 2*n**2 - n**3. What is the hundreds digit of v(z)?
1
Let t(s) = 2*s**3 - 29*s**2 + 2*s + 22. Let r be t(15). Let k(x) = x**3 + 4*x**2 - 7*x - 5. Let a be k(-5). Suppose a*m - 18 = r. What is the tens digit of m?
5
Let i = -34 - -26. Let f = i - -27. Suppose -m - 2*a + f = 0, -4*a - 13 = -m - 0*m. What is the units digit of m?
7
Suppose -203384 - 80818 = 27*j. Suppose 3*y = -2 + 5. What is the tens digit of j/(-133) + y/(-7)?
7
Suppose 3*n - 3773 = -1430. Let s = -426 + n. What is the tens digit of s?
5
Suppose 16 = -2*x, -p - 146*x = -141*x - 50463. What is the ten thousands digit of p?
5
Suppose b + 9 = 3*l, b + 5*l = -3*b + 32. Let p(g) = g**2 - 5*g - 4. Let t be p(b). What is the hundreds digit of -105*t/(-3)*(-2)/4?
1
Let n(c) = -c**2 - 2*c. Let y be n(-1). Suppose -5*r + 2 = -2*v, -5*v + y + 21 = r. Let h(f) = 51*f + 1. What is the units digit of h(r)?
3
Suppose -2*c = -2*k - k + 17, c = -k - 1. Suppose 2*d + 3372 = 3*q + k*d, 1124 = q + d. What is the hundreds digit of q?
1
Let o(z) = -3*z**2 + 34*z - 43. Let q(x) = x**2 - 11*x + 14. Let w(t) = -2*o(t) - 7*q(t). Suppose 2 + 8 = 2*k. What is the units digit of w(k)?
8
Let d = 34978 + -19504. What is the ten thousands digit of d?
1
Suppose -19 = -x - 16, -q + 4091 = -x. What is the thousands digit of q?
4
Let y(s) = s**3 - 5*s**2 + 5*s - 8. Let p be y(4). What is the units digit of -78*p/8*9?
1
Let i(a) = -381*a + 580. What is the tens digit of i(-63)?
8
What is the hundreds digit of ((-70)/28 + 1)*(-21184)/6?
2
Suppose 2*t + 6 = t + 4*g, 8 = -t + 5*g. Suppose -2*r - 423 = -q, -t*q - 4*r = r - 891. What is the hundreds digit of q?
4
Suppose 7*b = 12*b - 2*y - 13413, 8048 = 3*b - y. Suppose 0*z = 4*z + d - b, 0 = 3*z - d - 2007. What is the tens digit of z?
7
Let r = -24 + 599. What is the units digit of r?
5
Let i = -41 - -38. Let b(g) = -g**2 - 6*g - 10. Let w be b(i). What is the units digit of (0 + w)*(-9)/((-9)/(-34))?
4
Let p = -1 - -4. Suppose 3*g = h + 2*h - 1272, 0 = -4*g. Suppose -2*v = 2*v - p*a - 532, 3*v + 4*a - h = 0. What is the hundreds digit of v?
1
Let b(o) = 2364*o + 11289. What is the tens digit of b(31)?
7
Suppose -6*l + 2*l = 548. Suppose 16*s - 380 = 20*s. Let a = s - l. What is the tens digit of a?
4
Let p be -1 + 0 + 2/6*15. Suppose 0 = -5*u + 2*n + 69, -p*u + 16 = 2*n - 50. What is the tens digit of u?
1
Let f(z) = -18*z**3 - 4*z**2 - z + 1. Let h be f(-1). Suppose 4*x = r + 30, x - 84 = 3*r - h. What is the units digit of 796/(-6)*33/r?
9
Let j(g) be the second derivative of 17*g**4/12 + 2*g**3/3 + g**2 + 76*g. What is the hundreds digit of j(-3)?
1
Let l be (1/(9/(-84)))/(2/(-3)). Let x(m) = 28*m + 14. Let s be x(l). Suppose 0 = -5*c + s + 124. What is the units digit of c?
6
Suppose 5*j - 89696 - 9596 = -4*w, 4*j = -4*w + 79428. What is the thousands digit of j?
9
Let o be (-16 - -15)*(1 - -1038). Let w = -727 - o. What is the hundreds digit of w?
3
Let q(o) = o**3 + 4*o**2 - 8*o - 3. Let g be q(-7). Let t = 169 + g. What is the units digit of t/10*(-36)/(-10)?
7
What is the tens digit of -10 + 152/14 - 77430/(-21)?
8
Let k(n) = 174*n**3 - 3*n + 2. Let s be k(1). Suppose 6*j - s = 5*j. What is the hundreds digit of j?
1
Let s(q) = -838*q - 2417. What is the thousands digit of s(-14)?
9
Suppose 0 = 76*d - 74*d - 20. Suppose -3*m - 3*w = -6, 11*m + 5*w = 7*m + d. Suppose -6*v + 2*v - b + 945 = m, 4*v = b + 943. What is the tens digit of v?
3
Let o(u) = -182*u + 113. Let p be o(-4). Let v = p + -131. What is the tens digit of v?
1
Suppose 0 = -9*z + 132 - 1707. Let b = 355 + z. What is the units digit of b?
0
Let d(l) = 149*l**2 - 1100*l + 24. What is the ten thousands digit of d(17)?
2
Let m(d) = -6*d - 25. Let c be (10/8)/(1 + 6/(-8)). Let r be m(c). What is the tens digit of (-3)/(-66)*-4 - 5290/r?
9
Let o be 3*(-6)/(-18) - -30. Suppose -5504 = -o*y + 5222. What is the hundreds digit of y?
3
Let v be 10/35 - (-132)/28. Suppose 6 = 4*k + m, 12*k = 11*k - m. Suppose -v*g + 436 = s, -k*s = 5*g - 316 - 121. What is the tens digit of g?
8
Let p = 88300 - 52782. What is the thousands digit of p?
5
Let k(s) be the second derivative of s**7/2520 - 7*s**5/30 + 5*s**4/4 + 8*s. Let b(g) be the third derivative of k(g). What is the tens digit of b(-12)?
1
Let z be (4/(-3))/(12/(-18)). Suppose 3*d + 5 = -w + 2*w, 0 = -z*d + 2. What is the units digit of w?
8
Suppose -2*h + 4*d = 708, 6*d + 673 = -2*h + 3*d. Let p = 633 - h. What is the hundreds digit of p?
9
Suppose -30771 - 103186 = -10*b + 93203. What is the units digit of b?
6
Let m(f) = -211*f**3 - 39*f**2 + 3*f + 44. What is the ten thousands digit of m(-6)?
4
Let y = -3674 + 11855. What is the tens digit of y?
8
Suppose -23*j = -20*j - 141. Let p = j + 37. Suppose -3*k = -207 - p. What is the tens digit of k?
9
Suppose -5*t = v - 78, -3*v + 5*t - 3*t + 200 = 0. Suppose 2*b + 36 = 4*n, 4*n = 5*b - 0*n + 84. What is the tens digit of (2 - (1 - v/b))*-20?
6
Let r(o) be the second derivative of o**4/6 + 4*o**3/3 - 3*o**2/2 + 22*o. What is the tens digit of r(-11)?
5
Suppose -1477*o - 4131881 = -1646*o. What is the thousands digit of o?
4
Suppose 3*v + 24 = -3. Let d = v + 21. Suppose d*x + 95 = 13*x. What is the tens digit of x?
9
Let i be (-2)/((-16)/767) - (-2)/16. Suppose -99*z + i*z + 1710 = -3*n, z - 5*n - 570 = 0. What is the units digit of z?
0
Suppose 0 = -45*c + 23*c + 355353 + 422963. What is the tens digit of c?
7
Suppose -48*p = -7*s - 49*p + 99944, 4*p + 28564 = 2*s. What is the hundreds digit of s?
2
Let h(b) = 5*b**2 + 2*b + 5. Suppose 72 = 3*c + 4*w, 5*c - w - 2*w = 91. Suppose -5*k + 0*k - c = 0. What is the units digit of h(k)?
7
Let o = -224 + 232. Suppose 13*l = o*l + 335. What is the units digit of l?
7
Suppose 44*i - 3*h - 52389 = 41*i, 0 = 3*i + 3*h - 52413. What is the ten thousands digit of i?
1
Let j = 47 - 43. Suppose j*i - 63 - 353 = 0. Suppose 5*s = 3*s - 2*u + i, -5*s - u + 280 = 0. What is the units digit of s?
7
Let s = 67 + -51. Suppose 61 = -15*i + s. Let k = i - -123. What is the hundreds digit of k?
1
Suppose 12 = -11*a + 8*a, 3*j - 3*a - 59655 = 0. What is the units digit of j?
1
Let f = 791 + -793. Let y = 4 - 10. What is the hundreds digit of (7 + y)/(f/(-350))?
1
Let a(s) = -7*s**3 - 4*s**2 - 3*s + 4. Let j(d) = -d**2 - 27*d + 20. Let q be j(-25). Let b = q + -72. What is the tens digit of a(b)?
5
Let i(w) = -29*w - 97. Let y be i(-3). Let h(a) = -104*a - 259. What is the tens digit of h(y)?
8
Suppose 3*f - 34 = -4*k + 96, -f - k = -43. Let a(j) = -j + 8. Let p be a(8). What is the tens digit of 1779/21 + p + 12/f?
8
Suppose -3*w - 33498 = -3*h, -5*w = 168 - 158. What is the tens digit of h?
6
What is the units digit of 3108/9*52440/532?
0
Let u(a) = a**2 - 2*a - 2. Let r(w) = 2*w**2 - 4*w + 4. Let q be r(2). Let y be u(q). What is the units digit of 10/(-15) + (-2 - (-292)/y)?
6
Let u = 87 + -86. Let t be (5 - (u - -4))/2. What is the hundreds digit of t - -211 - 1*2?
2
Let b(r) be the third derivative of 0*r - 3/8*r**4 + 8*r**2 + 0 + 1/3*r**3 + 1/60*r**5. What is the units digit of b(10)?
2
Sup